inder when d is divided by -34*2/(-8)*2?
15
Let l(j) = -281*j + 14924. What is the remainder when -4 + 249 - (-4)/2 is divided by l(53)?
30
Suppose 0 = -4*y - 5*z + 783, -z - 172 = -167. Calculate the remainder when y is divided by 0 + 42 - (2 - 1).
38
Suppose 17624 = 53*n + 5964. Let p = 41 + -24. Calculate the remainder when n is divided by p.
16
Let b = -145 - -153. Let i(s) = -s. Let u(w) = -3*w - 20. Let l(t) = 4*i(t) - u(t). What is the remainder when 47 is divided by l(b)?
11
Let p be ((-60)/(-9))/(-5)*54/(-12). Suppose p = 2*w + 2. Suppose -3*a = -w*a - 99. What is the remainder when a is divided by 25?
24
Suppose -2*o + a + 132 = -3*a, o = 4*a + 66. Calculate the remainder when 203 is divided by o.
5
Suppose -h + 9937 = 9863. What is the remainder when 9027 is divided by h?
73
Suppose -5*g - 999 - 481 = 0. Let r = 341 + g. What is the remainder when 134 is divided by r?
44
Let z(q) = q**3 + 29*q**2 + 38*q - 14. Let d be z(-27). Let j = d - 405. Calculate the remainder when -28*(10/(-8) + -1) is divided by j.
11
Suppose -9*g + 678 = -1599. Calculate the remainder when g is divided by 83.
4
Let b(v) = v**3 - 92*v**2 - 292*v + 721. Let n = -8 + 12. Suppose 46 = n*f - 34. Calculate the remainder when b(95) is divided by f.
16
Let i(h) = -3*h**3 - 4*h**2 + 2*h - 44. What is the remainder when i(-5) is divided by 30?
11
Let a(r) = 79*r**2 + 268*r - 542. What is the remainder when a(2) is divided by 16?
6
Suppose 31*f - 25536 = -26*f. What is the remainder when f is divided by 155?
138
Let u = -92 + 95. Suppose 5*f - o = 133, f - u*o + o = 32. Calculate the remainder when 100 is divided by f.
22
Suppose -216 = 7*x - 657. Let b(d) = -d**3 + 10*d**2 - 9*d + 12. Let m be b(9). Suppose -7*a - 70 = -m*a. What is the remainder when x is divided by a?
7
Let l = 26107 + -26057. Calculate the remainder when 174 is divided by l.
24
Suppose -5*q + 8980 = 2*i - 2856, -i = 2*q - 4734. Calculate the remainder when q is divided by 779.
31
Let l = 13721 + -3963. Suppose -46*r = -l + 1110. Calculate the remainder when r is divided by 10.
8
Let g = 82 - 86. Let q be (-1 - -2)*(-4 + (g - -7)). What is the remainder when (q - 6)*(17 - 24) is divided by 25?
24
Calculate the remainder when (-7*93)/(24/(-16)) is divided by 118.
80
Suppose -11 = -5*u - 6, u = -5*o + 11. Let y(b) = 3*b + b**2 - 4*b**2 + 0*b**o - 14 + 4*b**2. What is the remainder when y(-7) is divided by 5?
4
Suppose -193044 = 22*g - 545880. What is the remainder when g is divided by 8?
6
Suppose 2*q + 3*m = 29, 89*m - 79 = -4*q + 90*m. Suppose -4*x = 2*j + 100, -3*j + 3*x + x = 200. Let d = -24 - j. What is the remainder when d is divided by q?
17
Suppose -14 = -2*z - 4. Let y(k) = -k**3 + 8*k**2 - 16*k + 12. What is the remainder when 53 is divided by y(z)?
4
Calculate the remainder when 109 is divided by 2880/100 + -29 - 176/(-5).
4
Let n(x) = 39*x - 161. Let q(z) = -z**2 - 19*z - 85. Let p be q(-10). What is the remainder when 63 is divided by n(p)?
29
Suppose 0*z = -7*z + 1183. What is the remainder when z is divided by 152/(-10)*(-1000)/800?
17
Suppose -34*w + 37*w - 45 = -3*t, -4*w - t = -75. Let u be -1*(1 + 1 + 2). Calculate the remainder when 38 - 1 - (u - -4) is divided by w.
17
What is the remainder when -2 - (6/(-9))/(7*12/7686) is divided by 36?
23
Let m = 10 + -46. Let i be 4/18 - 1294/m*4. Let f = i + -98. What is the remainder when f is divided by 16?
14
Let f = -5214 + 5389. What is the remainder when 1280 is divided by f?
55
Let f be ((-3 - -3)/(-1))/(2 + -4). Let k be -2 + 4 + (f - -2) + 979. Suppose 0 = 7*m - 158 - k. Calculate the remainder when m is divided by 41.
40
Calculate the remainder when 40 is divided by (25/(-15))/((-20)/84).
5
Let g = 4176 + -4167. Calculate the remainder when 1124 is divided by g.
8
Suppose -155 = -5*w + 5*y, -3*w - 4*y = -8*w + 161. What is the remainder when 168 is divided by w?
20
Let o(d) = -410*d - 6110. Calculate the remainder when 878 is divided by o(-15).
38
Suppose -s + 128 = 6*o, 0 = -3*s + 7*s + 16. Suppose -42 = o*h - 196. Let y = 4 - -7. What is the remainder when y is divided by h?
4
Let t(a) = 22*a**2 + 83*a - 7. What is the remainder when t(-5) is divided by 33?
29
Suppose 3 = 2*q + 7, 2*q + 159 = 5*p. Suppose 6*n - 264 - 408 = 0. What is the remainder when n is divided by p?
19
Let x = -40 + 59. Let s = -132 + 90. Let q = 27 - s. Calculate the remainder when q is divided by x.
12
Suppose 4*c + 5*w = -17, -9 = 3*c + 6*w - 3*w. Suppose 22*l - 17*l = -c*k + 62, -3*k + 67 = l. What is the remainder when 251 is divided by k?
20
Suppose 0 = -2*o, -3*q + o = -3*o. Suppose q = -4*i - 12, -3*i - 39 = 4*z + 2*i. Calculate the remainder when 54 is divided by 1 + 6/(-5 - z).
5
Suppose -35*c + 2547 = 237. Suppose 2*x - 102 = -4*r, -2*r - x + 97 = 2*r. What is the remainder when c is divided by r?
20
Suppose 0 = -27*v + 164*v - 12660 - 15425. Let r = -4 + 25. What is the remainder when v is divided by r?
16
Let i = 2628 - 2605. What is the remainder when 116/(-12)*6/(-2) is divided by i?
6
Let x(s) be the second derivative of 19*s**3/6 + 45*s**2/2 + 17*s. Let w be x(9). Suppose w = 8*n - 2*n. Calculate the remainder when n is divided by 19.
17
Let u be 176/33 + 1/(-3). Suppose -u*y - 5*v = -10, 5 + 3 = -4*v. Calculate the remainder when (-34)/(-51)*378/y is divided by 33.
30
What is the remainder when 10383 is divided by (-34)/(-6) + (-37681)/(-2307)?
21
Let x = 4869 - 4805. What is the remainder when x is divided by 55?
9
Suppose 27*s = 2061 - 1494. Calculate the remainder when 144 is divided by s.
18
Let i(k) = -k**3 - 8*k**2 + 7*k + 92. Let a be i(-4). Let r be (-71 + -1)*(-3 - -1). Suppose -4*b + r - 60 = a. What is the remainder when 187 is divided by b?
19
Let y = 14 + 10. Let l(c) = -28*c**3 + 51*c**3 + 14*c - 25*c**3 - 2*c**2 + 7. Calculate the remainder when l(-4) is divided by y.
23
Let s(y) = y**2 - 10*y + 19. Let g(t) = -62*t - 21. Let q(i) = 31*i + 10. Let k(r) = -3*g(r) - 7*q(r). What is the remainder when k(-2) is divided by s(10)?
17
Suppose 6*r = -6*h + 270, -5*h + 81 = 3*r - 80. Suppose -l + 6*l = -5*v + 2540, -1524 = -3*v + 2*l. Calculate the remainder when v is divided by r.
28
Let b(c) = -c**2 + 2*c - 6. Let o be b(0). Let q(g) = g**2 + 4*g - 4. What is the remainder when 102 is divided by q(o)?
6
Suppose -q + 5*s = -21, 15 = 3*q + 2*q + 5*s. Suppose -5*a = -q - 4. Suppose 342 = -a*y + 5*y. What is the remainder when y is divided by 29?
27
Let n be 1/(0 - (-2)/58). Let k = n - 23. Let f = k - -4. Calculate the remainder when 15 is divided by f.
5
What is the remainder when (-2)/(-4*(-1)/(-2698)) - (-8 - -9) is divided by 90?
88
Suppose 0*x = -3*l - 2*x + 1064, 5*x = l - 366. Let j = 451 - l. Calculate the remainder when j is divided by 21.
11
Let i(k) = 4*k + 60. Let p be i(-16). Let r(z) = -10*z - 36. Calculate the remainder when 11 is divided by r(p).
3
Suppose 25*p - 9*p - 1280 = 0. Calculate the remainder when 8/p + (-62993)/(-70) is divided by 43.
40
Let o = 30 - 21. Let k(d) = -1012*d + 173870. What is the remainder when k(171) is divided by o?
8
Suppose -41*c = 16*c + 420 - 1845. Calculate the remainder when 97 is divided by c.
22
Let u be (-10)/(-35) - (1082/14 - -1). Let d = 119 + u. Let p(j) = 17*j**2 - 4*j. Calculate the remainder when d is divided by p(-1).
20
Suppose o - 3603 = -2*t, 13*t - 2*o - 3618 = 11*t. Calculate the remainder when t is divided by 601.
1
Suppose -3*s = -9, 5*k - 8*s = -4*s + 1088. Calculate the remainder when k is divided by 108.
4
Suppose -3*s - 333 = -582. What is the remainder when 200 is divided by s?
34
Let x = 610 - 634. What is the remainder when 124 is divided by -11 + (5 - 0) - (0 + x)?
16
Suppose 8 = 4*k - 52. Let d = -878 + 2562. Suppose 15*a + 379 - d = 0. What is the remainder when a is divided by k?
12
Suppose 38*v - 39*v = 0. Suppose 0 = -q - 4*c + 33, v = q + 5*c - 60 + 24. What is the remainder when 146 is divided by q?
20
Let m = -5429 - -5631. Calculate the remainder when 660 is divided by m.
54
Suppose 18*y - 17*y = 270. Let p = 285 - y. What is the remainder when 27 is divided by p?
12
Let t(z) = 2*z - 7. Let y(q) = -1114*q - 34475. What is the remainder when y(-31) is divided by t(6)?
4
Suppose 103*h - 3016 = 74*h. Let q be (12/15)/((-6)/(-45)). Suppose o + q = 4*